7 composite?
True
Is 144505 composite?
True
Is 81409 a prime number?
True
Is 278041 a prime number?
True
Is 2484011 a prime number?
True
Is 76643 prime?
False
Is 1631611 a prime number?
True
Is 21309 a composite number?
True
Is 229547 a composite number?
False
Is 29371 composite?
True
Is 253133 composite?
False
Is 68071 a prime number?
True
Is 5261 a composite number?
False
Is 312359 a composite number?
True
Is 8501 a composite number?
False
Is 29567 a prime number?
True
Is 42491 prime?
True
Is 7747 a prime number?
False
Is 46283 composite?
True
Is 887 composite?
False
Is 127523 a prime number?
False
Is 3113 prime?
False
Is 15685 a composite number?
True
Is 406169 a composite number?
False
Is 8161 a prime number?
True
Is 24331 a composite number?
True
Is 173773 a prime number?
True
Is 24611 a composite number?
False
Is 2498 a prime number?
False
Is 183119 prime?
True
Is 92651 composite?
True
Is 57139 composite?
False
Is 366281 a prime number?
False
Is 157717 a composite number?
True
Is 59879 a prime number?
True
Is 492433 prime?
False
Is 57083 prime?
False
Is 211613 prime?
False
Is 3996307 prime?
False
Is 2609 composite?
False
Is 42989 a prime number?
True
Is 17165 a composite number?
True
Is 108167 a prime number?
False
Is 10711 composite?
False
Is 36689 a prime number?
False
Is 112769 composite?
True
Is 13201 a prime number?
False
Is 89603 prime?
True
Is 1949 prime?
True
Is 5381 a prime number?
True
Is 78101 prime?
True
Is 14395 composite?
True
Is 266773 a prime number?
False
Is 155371 prime?
True
Is 1761 a prime number?
False
Is 80965 prime?
False
Is 493 composite?
True
Is 639215 prime?
False
Is 16477 composite?
False
Is 360307 a composite number?
False
Is 4083 prime?
False
Is 436493 composite?
True
Is 339601 a prime number?
True
Is 46891 a prime number?
False
Is 1334527 a prime number?
False
Is 61463 prime?
True
Is 40987 composite?
True
Is 14 a composite number?
True
Is 64241 a prime number?
False
Is 5911 composite?
True
Is 7583 composite?
False
Is 63377 a prime number?
True
Is 5707 composite?
True
Is 32273 prime?
False
Is 73819 composite?
False
Is 52741 prime?
False
Is 36973 composite?
False
Is 48634 a prime number?
False
Is 62259 a composite number?
True
Is 45119 a prime number?
True
Is 2927 a prime number?
True
Is 9491 composite?
False
Is 50294 prime?
False
Is 149743 prime?
False
Is 5381 a prime number?
True
Is 851419 a prime number?
True
Is 3109 prime?
True
Is 4303 prime?
False
Is 71593 prime?
True
Is 7067 composite?
True
Is 29641 a composite number?
False
Is 468337 prime?
False
Is 58541 a composite number?
True
Is 27933 composite?
True
Is 421463 composite?
True
Is 12439 prime?
False
Is 103921 a composite number?
True
Is 131759 composite?
False
Is 16733 a composite number?
True
Is 321547 composite?
False
Is 1613639 a composite number?
False
Is 2483 a prime number?
False
Is 26819 a composite number?
True
Is 1163059 prime?
False
Is 1876211 prime?
True
Is 413389 a prime number?
False
Is 63923 a composite number?
True
Is 34451 a prime number?
False
Is 12708919 a composite number?
False
Is 18442 a composite number?
True
Is 7737 prime?
False
Is 12081 prime?
False
Is 155371 a composite number?
False
Is 228562 composite?
True
Is 49589 prime?
False
Is 16733 a prime number?
False
Is 3941 a composite number?
True
Is 1499 prime?
True
Is 8903 prime?
False
Is 430411 a composite number?
False
Is 7349 a prime number?
True
Is 593 composite?
False
Is 78401 prime?
True
Is 11027 a composite number?
False
Is 5873 prime?
False
Is 208433 composite?
False
Is 14809 prime?
False
Is 47347 a composite number?
True
Is 11303 a prime number?
False
Is 158001 composite?
True
Is 479645 composite?
True
Is 409511 a prime number?
False
Is 493907 a prime number?
False
Is 76999 a composite number?
True
Is 25031 composite?
False
Is 3165133 prime?
True
Is 65542 a composite number?
True
Is 45091 a composite number?
True
Is 103847 prime?
False
Is 57329 a composite number?
False
Is 19049 composite?
True
Is 62911 a composite number?
True
Is 1163 a composite number?
False
Is 276563 composite?
True
Is 11959 a composite number?
False
Is 90121 prime?
True
Is 48173 a composite number?
True
Is 5519 prime?
True
Is 17257 prime?
True
Is 434909 a composite number?
False
Is 11197 a composite number?
False
Is 584659 a prime number?
True
Is 39539 a prime number?
False
Is 1361 a composite number?
False
Is 77761 composite?
False
Is 185161 prime?
True
Is 9958535 a composite number?
True
Is 26747 a composite number?
True
Is 17147 composite?
True
Is 7151 composite?
False
Is 5436709 composite?
False
Is 818563 prime?
False
Is 1578631 a prime number?
True
Is 37087 composite?
False
Is 151091 composite?
False
Is 90929 a composite number?
True
Is 38501 prime?
True
Is 47233 composite?
True
Is 11087 composite?
False
Is 100693 a prime number?
True
Is 35897 a composite number?
False
Is 3646 composite?
True
Is 127615 a composite number?
True
Is 29663 a prime number?
True
Is 125997 a prime number?
False
Is 191 prime?
True
Is 597145 a prime number?
False
Is 2447 prime?
True
Is 1771261 a composite number?
False
Is 7499 prime?
True
Is 18041 a composite number?
False
Is 1555091 a prime number?
True
Is 1241719 a prime number?
False
Is 10939 composite?
False
Is 79481 a composite number?
False
Is 808211 composite?
False
Is 50831 composite?
True
Is 698 a prime number?
False
Is 257731 prime?
True
Is 601553 prime?
False
Is 25049 a prime number?
False
Is 351821 a composite number?
True
Is 39383 a composite number?
False
Is 113 prime?
True
Is 284081 a composite number?
True
Is 155 composite?
True
Is 4861 a composite number?
False
Is 278231 a prime number?
False
Is 9743 prime?
True
Is 13963 composite?
False
Is 10801 composite?
True
Is 25161 a composite number?
True
Is 31747 a prime number?
False
Is 17809 prime?
False
Is 569573 a prime number?
True
Is 4393 composite?
True
Is 2779 a composite number?
True
Is 553019 a composite number?
True
Is 2188897 prime?
False
Is 209063 composite?
False
Is 22669 a prime number?
True
Is 183361 prime?
True
Is 394423 a composite number?
True
Is 16181 prime?
False
Is 85889 prime?
True
Is 20767 a composite number?
True
Is 349369 a prime number?
True
Is 611057 a prime number?
True
Is 120409 a prime number?
False
Is 7655 a prime number?
False
Is 62851 a composite number?
False
Is 122099 a composite number?
False
Is 2053613 a prime number?
False
Is 2748881 a prime number?
False
Is 33287 a prime number?
True
Is 40693 a prime number?
True
Is 143699 a prime number?
True
Is 508091 a composite number?
False
Is 38581 a composite number?
True
Is 295294 a prime number?
False
Is 2922733 a prime number?
False
Is 25591 composite?
True
Is 4303 a prime number?
False
Is 19921 a prime number?
False
Is 46133 composite?
False
Is 66293 a composite number?
False
Is 469 a composite number?
True
Is 26933 prime?
False
Is 35033 a composite number?
True
Is 4125535 a prime number?
False
Is 71063 a prime number?
False
Is 132631 composite?
False
Is 11617 a composite number?
False
Is 993 prime?
False
Is 5818523 composite?
False
Is 131731 a prime number?
True
Is 218531 a composite number?
False
Is 10723 a prime number?
True
Is 20959 prime?
True
Is 19661 a composite number?
False
Is 190937 composite?
True
Is 166799 a composite number?
False
Is 58577 composite?
True
Is 41381 composite?
False
Is 6953 a composite number?
True
Is 3349 prime?
False
Is 29009 composite?
False
Is 22315 composite?
True
Is 11513 prime?
False
Is 3662983 composite?
False
Is 275039 a prime number?
True
Is 13121 composite?
False
Is 76207 prime?
True
Is 22381 composite?
False
Is 188563 a prime number?
True
Is 1657 a composite number?
False
Is 20795 a prime number?
False
Is 24169 composite?
False
Is 2206513 composite?
False
Is 46981 a composite number?
True
Is 413849 a composite number?
False
Is 44155 composite?
True
Is 69371 a composite number?
False
Is 159779 a composite number?
False
Is 307007 prime?
False
Is 63989 composite?
True
Is 164291 a prime number?
True
Is 2557 composite?
False
Is 20129 prime?
True
Is 149803 a composite number?
False
Is 909635 a composite number?
True
Is 40351 a prime number?
True
Is 36403 composite?
True
Is 152591 a prime number?
False
Is 7981 prime?
False
Is 50311 composite?
False
Is 5849 composite?
False
Is 583291 a compo